4*g + 24. What is the units digit of y(f)?
4
Suppose 0 = -3*k + 4541*l - 4546*l + 70218, 0 = 5*k + 4*l - 117030. What is the thousands digit of k?
3
Suppose g - 1823 = 2*j, -3*j - 2722 = 10*g - 14*g. Let i = 1596 + j. What is the tens digit of i?
8
Suppose 4*f = u + 84, 0*f = -u + 2*f - 86. Let h be (-2*9/36)/(2/u). Suppose -67 = -3*k - h. What is the units digit of k?
5
Let o(u) = -214*u**2 + 472*u - 1. What is the units digit of o(2)?
7
Let z = 41719 + -9610. What is the thousands digit of z?
2
Suppose 0 = -5*t + c - 19, 3*c = 2*c - 1. Let b(g) = g**3 + 2*g**2 - 2*g + 4. Let s be b(t). Let w = 114 - s. What is the units digit of w?
4
Let a(i) = 49*i + 10. Let d = -254 + 256. What is the tens digit of a(d)?
0
Suppose -60 = 51*s - 46*s. What is the units digit of 700/12 - 8/s?
9
Suppose 28 = 3*o + 11*o. Suppose -o*l - 2 = -f - 17, 0 = 2*l - 2*f - 20. Suppose -44 = -l*b + 4*b. What is the units digit of b?
4
Let t(h) = h**2 - 9*h - 6. Let j be (-3)/3 - (2 - 1 - 100). Let y = 91 - j. What is the units digit of t(y)?
6
Suppose 24 + 111 = 3*f. Let a = -39 + f. Let n(u) = -u + 24. What is the tens digit of n(a)?
1
Suppose 0 = 15*a - 4*a - 22. Let v(u) = 6*u**2 + 2*u + 17 + 2*u + 5*u**2 - u**a. What is the tens digit of v(-4)?
6
Let a(c) = -c**3 + 2*c**2 + 9*c - 1. Let s = -108 + 114. Let f(n) = -n**3 + 8*n**2 - 16*n + 18. Let o be f(s). What is the units digit of a(o)?
3
Suppose 255*t = -600*t + 140*t + 10699260. What is the hundreds digit of t?
9
What is the tens digit of (18/6)/(4/49648*6)?
0
Let r = 35982 + 745. What is the units digit of r?
7
Let x = 92939 - 4965. What is the tens digit of x?
7
Let r be (2/5)/(198/(-100) + 2). What is the units digit of 3930/4*r/15?
0
Let m(f) = 527*f - 1. Let s = 58 - 50. Let c be m(s). What is the tens digit of c/135 - 2/9?
3
Suppose 7*t - 8*t = -5*d - 15283, 4*t = 5*d + 60997. What is the tens digit of t?
3
Let p(h) be the third derivative of 29*h**4/24 + 2*h**3 + h**2 - 21. What is the tens digit of p(10)?
0
Let j be ((-8)/8)/((3 - 1)/4). What is the units digit of (-30982)/(-21) - j/18*-3?
5
Let j(o) = -o**2 + 30*o + 41. Let m be (-2)/(-10) + 114/5. Let p be j(m). Let r = p - 96. What is the hundreds digit of r?
1
Let c(m) = 4*m + 4. Let r be c(3). Let q = r + -15. What is the units digit of (-11 - 2)/(q/(-2))?
6
What is the hundreds digit of (((-630)/(-25))/(-3))/((-9)/3390)?
1
Suppose -6 = -2*d, 5*t - 3*d + 352 = -4*d. Let a = t + 73. What is the tens digit of a/(-3) + (-184)/(-6) + -1?
2
Let a(p) = p**2 - 19*p + 36. Let n be a(17). Suppose 1998 = 2*c + n*g, 18*c = 13*c + 2*g + 4981. What is the tens digit of c?
9
Let m(z) = z - 2. Let y(a) = 101*a - 11. Let b(q) = 6*m(q) - y(q). What is the tens digit of b(-2)?
8
What is the hundreds digit of 4826394/66 + ((-144)/44)/18?
1
Let x be 2*(-2 + -1 + 2)*2. Let r(w) = -211*w - 25. Let y be r(x). Suppose y = d + 2*d. What is the hundreds digit of d?
2
Let o(g) = -g**3 - g**2 + 4*g + 2. Let f be o(-3). Suppose f = m - 5. Suppose 2*h - m - 5 = -2*j, 2*j - 15 = -5*h. What is the units digit of j?
0
Let y = -9165 + 50642. What is the ten thousands digit of y?
4
Let b(g) = 8987*g - 47. Let a be b(1). Suppose 34*z = 24*z + a. What is the hundreds digit of z?
8
What is the tens digit of 26/(-286) - ((-1)/4 + (-4030122)/88)?
9
Let y = -1193 + 627. Let o = y - -1341. What is the units digit of o?
5
Let n = 10244 + -7014. What is the tens digit of n?
3
Let i be 22/(-99) - ((-27803)/9 - -2). Suppose 82*r - i = 75*r. What is the tens digit of r?
4
Let f(n) = -133*n - 35. Let o be f(-3). Let g = 645 - o. What is the hundreds digit of g?
2
Suppose 0 = -4*p + 55*u - 56*u + 95559, -2*u = -6. What is the ten thousands digit of p?
2
Let o = -437 - -483. Let q = 375 - o. What is the tens digit of q?
2
Let b be (-2)/9 + 10156/18. Suppose -8*m - 39 = 5*m. What is the hundreds digit of 4/(-2*2*m/b)?
1
Suppose -3*i + 161*j - 156*j + 24091 = 0, -5*j + 40085 = 5*i. What is the units digit of i?
2
Let m(q) = 6*q**2 - 3. Let s be m(-7). Let t be (-4)/((-24)/(-954)) - 5. Let c = s + t. What is the hundreds digit of c?
1
Suppose -4*f - 4*v + 29464 = 0, 14*f + 3*v = 17*f - 22092. What is the hundreds digit of f?
3
Let f = -36 - -38. Suppose z + 2265 = f*n, 2*z = -2*n + 5*z + 2263. What is the units digit of n?
3
Let k = 70 - 72. Let o be (3 + -13)/k - 62. Let s = o - -91. What is the units digit of s?
4
Suppose -4*d - 388 = 5*b, 4*b + 4*d + 310 = d. Let t = 242 + b. What is the tens digit of t?
6
Suppose -4*u + 5*l + 845 + 8215 = 0, -2*l - 2265 = -u. Let z = u - 1025. What is the units digit of z?
0
Suppose -m + 1 = 0, 2*m - m + 4169 = 5*i. Suppose 0 = 11*k - i - 3588. What is the units digit of k?
2
Let m(h) = 374*h**3 - 40*h**2 + 186*h + 10. What is the tens digit of m(4)?
5
Let r = -139 + 70. Let y = 207 + -378. Let u = r - y. What is the tens digit of u?
0
Suppose 13*y - 878 = 12*y. Suppose y = a - 4*q, -18*q = -3*a - 19*q + 2621. What is the units digit of a?
4
Suppose 2*h - 17*a - 123360 = -14*a, -h + a + 61677 = 0. What is the ten thousands digit of h?
6
Suppose -x + 10 = 4*t, -4*x - 6*t + 10*t + 140 = 0. What is the units digit of (x/70 - 22/(-14))*437?
4
Suppose 2*n + 5 = 5*w + 27, w = -3*n - 18. What is the units digit of (2/w)/(8 + (-3848)/480)?
0
Suppose 113*b + 120*b = -120*b + 21988723. What is the tens digit of b?
9
Let p(c) = 4*c**2 + 41*c + 390. What is the hundreds digit of p(33)?
0
Let h(q) = q**3 - 2*q**2 - 15*q + 34. Let m be h(2). Suppose m*i - 35020 = -13*i. What is the tens digit of i?
6
Let u be (0 - 0/1) + 26. Let l = u + 243. Suppose -c = -h + 4*h - l, 3*h - 2*c - 281 = 0. What is the tens digit of h?
9
Let k = 28 + -34. Let u be (3/(-9))/(k/1746). What is the units digit of (24/(-4) - -1)*u/(-5)?
7
What is the tens digit of ((30744/30)/7)/(8/20)?
6
Let a(r) = 2999*r**2 + 24*r - 22. What is the tens digit of a(1)?
0
Let h(b) = 2*b**3 - 80*b**2 - 24*b - 180. What is the thousands digit of h(43)?
9
Let m(h) = -h**2 - 25*h - 39. Let o be m(-5). Let g(x) = -25*x**3 + x**2 - 2*x + 1. Let s be g(1). Let w = s + o. What is the units digit of w?
6
Suppose 316*d - u + 224 = 320*d, -5*d + 5*u = -280. Let p be (-1830)/(-14) - (-2)/7. Let c = p + d. What is the hundreds digit of c?
1
Let n(j) = j**3 + 15*j**2 - 9*j - 12. Let w be n(-15). Suppose -122*c + w*c - 208 = 0. Suppose -c = -o - 24. What is the tens digit of o?
8
Let w(m) = m**3 + 3*m**2 + 7*m + 47. Let f be w(-4). Suppose -6*s = f*s - 3708. What is the tens digit of s?
1
Let l(k) = -11*k**2 - 15*k - 19. Let x be l(-6). What is the units digit of (78/10)/((-5)/x)?
7
Let v be -656 - ((-15)/9 - 10/30). Let y = v - -947. What is the tens digit of y?
9
Suppose g + 5*x = -1028, -4*g = g + 2*x + 5094. Let v = 316 - g. What is the tens digit of v?
3
Let b(j) = -5*j**3 - 3*j**2 - 2*j. Let g be b(-1). Suppose -4*t - 124 = -w - 1248, -g*w = 16. What is the units digit of t?
0
Let j be -6 + 15/(15/992). Suppose -j - 280 = -w. What is the thousands digit of w?
1
Let c(u) be the third derivative of -u**5/30 - u**4/8 - u**3/6 - 9*u**2. Let m be c(4). Let h = m - -81. What is the units digit of h?
6
Suppose 0 = -15*r + 12*r + 3*l + 15, l = -5*r - 5. Suppose g + 5*x - 1091 = -r*x, -4328 = -4*g - 2*x. What is the units digit of g?
1
Suppose 4*m = 2 + 14, 0 = 3*b + 3*m - 27. Let p(h) = 4 - 6*h**2 - 4*h + 2*h**3 + h**2 - h**2 + 0*h**3. What is the tens digit of p(b)?
8
Let p = -241 - -218. Let v(n) = -n**3 - 23*n**2 - 9*n - 72. What is the units digit of v(p)?
5
Suppose 15 = 5*w + 5*l, -3*w - l = -5*w - 3. Suppose w = 11*p - 24*p + 871. What is the units digit of p?
7
Suppose -6*k = -k - 270. Suppose -7*d - 4*d - 462 = 0. Let n = d + k. What is the units digit of n?
2
What is the units digit of (-1)/6 + (40758050/60)/29?
4
Let n be (3/28)/(6/(-10896))*-126. Suppose -s = 11*s - n. What is the tens digit of s?
4
Suppose 3*g - 1251 + 417 = 0. Suppose 16*a = -4*a - 3880. Let i = a + g. What is the units digit of i?
4
Suppose -18195 = 259*c - 264*c. Suppose -213 = 3*u - c. What is the hundreds digit of u?
1
Let n = -1628 - 74. Let x = n + 3154. What is the tens digit of x?
5
Let m = 9 + -18. Let f be 6/(-27) + (-38)/m. Suppose f*d - 389 = d + 5*a, 0 = -4*d + a + 547. What is the hundreds digit of d?
1
Suppose -4*b + 5*b = 3390. What is 